e 6, what is -125004212 - 1?
-125004213
In base 9, what is -10557730 + 2?
-10557727
In base 3, what is 202212002020 + -100?
202212001220
In base 4, what is 222 + 13212012301?
13212013123
In base 9, what is -1186 - 36735?
-38032
In base 16, what is f3 + 383?
476
In base 12, what is 5 + 412157a2?
412157a7
In base 2, what is 10110 + 100011000000000000100?
100011000000000011010
In base 9, what is -13 + -4058063?
-4058076
In base 13, what is -7 + 1c1141?
1c1137
In base 10, what is -4 + -92916314?
-92916318
In base 13, what is -59a9523 + -5?
-59a9528
In base 14, what is 8 - -180bc5c?
180bc66
In base 16, what is -1962ff5 + 5?
-1962ff0
In base 2, what is 1110101001100010101 - 10000100100?
1110100111011110001
In base 2, what is -1 - -100001110010011001011010101?
100001110010011001011010100
In base 12, what is a91 - -28276?
29147
In base 7, what is 1004404 + 412?
1005116
In base 3, what is -22 + 121100201122021?
121100201121222
In base 6, what is 421400 + -103534?
313422
In base 15, what is -89 + 2ced6?
2ce4c
In base 7, what is 500 + -2351243?
-2350443
In base 3, what is -21 + 1101112110202022?
1101112110202001
In base 5, what is -132 - 140012324?
-140013011
In base 9, what is 223100158 - 3?
223100155
In base 3, what is -1202 - 12210212001022?
-12210212010001
In base 8, what is -1376464556 - -5?
-1376464551
In base 7, what is 3505 - -421?
4226
In base 7, what is -21255005 - -34?
-21254641
In base 9, what is -62461 + 137?
-62323
In base 9, what is 10407 + -2163?
7234
In base 14, what is -2 - -c9305c?
c9305a
In base 12, what is 61 + -15a932?
-15a891
In base 16, what is -e0c18 - -2?
-e0c16
In base 5, what is -413434 - 2413142?
-3332131
In base 11, what is -89 - -2133494?
2133406
In base 4, what is -1113 - -1122300101312?
1122300100133
In base 15, what is ae - aea5?
-ade6
In base 8, what is 66 + 343370?
343456
In base 7, what is 100356236 + 3?
100356242
In base 13, what is -13a87 - -40?
-13a47
In base 3, what is 10 + 1120212200012112?
1120212200012122
In base 9, what is 152138685 - 3?
152138682
In base 10, what is 5 - 35200415?
-35200410
In base 5, what is 1 - -10000320404?
10000320410
In base 7, what is 2124053 - 12300?
2111453
In base 16, what is -a1 + -22e2c8?
-22e369
In base 7, what is 1422 - -6010?
10432
In base 8, what is -13 - 44553527?
-44553542
In base 12, what is 1a9 + ab079?
ab266
In base 12, what is -4a + -82b38?
-82b86
In base 10, what is -1303 - 106772?
-108075
In base 8, what is -4 - 27273732?
-27273736
In base 3, what is -220 + -10002211120020?
-10002211121010
In base 5, what is -102 + -101104242?
-101104344
In base 3, what is -12111121101 + -2211?
-12111201012
In base 15, what is -1 - -1579a6?
1579a5
In base 4, what is -32 - 330122201?
-330122233
In base 15, what is -1449505 + -10?
-1449515
In base 16, what is b0c + -2118?
-160c
In base 7, what is -245260 - 455?
-246045
In base 12, what is 27 + 790048?
790073
In base 9, what is -3 + 772250?
772246
In base 13, what is 4b3aa + -1a?
4b390
In base 11, what is 3 + 20700791?
20700794
In base 6, what is 323422 - -15132?
342554
In base 5, what is -4 - 401144220?
-401144224
In base 5, what is -13403413423 - 2?
-13403413430
In base 6, what is 414543415 + -12?
414543403
In base 14, what is -d - 2a9632?
-2a9641
In base 15, what is cd - -5e626e?
5e634c
In base 12, what is -5 + 7b4ab3?
7b4aaa
In base 15, what is -80037187 - -1?
-80037186
In base 12, what is 4006057 - 2?
4006055
In base 11, what is 3 + 11723045?
11723048
In base 5, what is -301 - -2004222423?
2004222122
In base 7, what is -404 + 4525056?
4524352
In base 8, what is 13 - -32036126?
32036141
In base 6, what is -305220 - -524?
-304252
In base 12, what is 4 + -77055a6?
-77055a2
In base 6, what is -1411 + 12034040?
12032225
In base 5, what is 2044001411 + -122?
2044001234
In base 12, what is -a647b4 + -1?
-a647b5
In base 2, what is 110110010111010110100 + 1011?
110110010111010111111
In base 2, what is 1001001001000111 + -1010111001010?
111110001111101
In base 9, what is 78 - -207015?
207104
In base 9, what is -17022 - -37437?
20415
In base 12, what is 185bb - -399?
18998
In base 2, what is -10 - -10111000011101010101000010?
10111000011101010101000000
In base 11, what is 18 + 10544?
10561
In base 10, what is -1454203 + -6?
-1454209
In base 13, what is 0 + 4288771a?
4288771a
In base 4, what is 221122 + 1310?
223032
In base 9, what is -258431 + 8?
-258422
In base 12, what is -4 + 2a866ba?
2a866b6
In base 12, what is -1 + 2174886?
2174885
In base 10, what is -1410 - -17901?
16491
In base 12, what is 1 + 320b897a?
320b897b
In base 9, what is 1 + -3011370?
-3011368
In base 15, what is -3 + -569ac?
-569b0
In base 3, what is 11022122212 + -1021011?
11021101201
In base 12, what is -1002447a - 2?
-10024480
In base 16, what is 2 - -17692?
17694
In base 14, what is 40453 - c61?
3d5d2
In base 7, what is -156012 + 104404?
-51305
In base 15, what is -24dc1 + 18?
-24da8
In base 13, what is 9 - 362182?
-362176
In base 9, what is 1041107 + 211?
1041318
In base 16, what is -2a6768 - 2?
-2a676a
In base 15, what is 20d - aa5d?
-a850
In base 11, what is 2 - 3372462?
-3372460
In base 13, what is -141683 - -c?
-141674
In base 15, what is -3 - 1998663?
-1998666
In base 6, what is -3 + -21315550?
-21315553
In base 15, what is 17 - -4757a?
47592
In base 3, what is 22210 - -2010110121220?
2010110221200
In base 4, what is -1313 - 11033030203?
-11033032122
In base 13, what is b + -111067b?
-1110670
In base 9, what is 1362 - 30086?
-27624
In base 3, what is -1012001200121220 - -110?
-1012001200121110
In base 5, what is -4302120 + -12233?
-4314403
In base 14, what is -5 + -161abb?
-161ac2
In base 2, what is 100010111010100101001 + 110?
100010111010100101111
In base 3, what is 12200 - -10101211202?
10102001102
In base 8, what is -22251 - -2554?
-17475
In base 11, what is 8201 + -99424?
-91223
In base 8, what is -62 - 11130?
-11212
In base 2, what is 0 - 1001001111110110001110010?
-1001001111110110001110010
In base 5, what is 24 - -42023313?
42023342
In base 4, what is -222332 + -10023012?
-10312010
In base 16, what is 57f0a + c0?
57fca
In base 2, what is 10000 - 10100110110010010100111?
-10100110110010010010111
In base 6, what is -3522 + 3141352?
3133430
In base 12, what is -2995 - -833?
-2162
In base 14, what is -1146 - 55913?
-56a59
In base 13, what is 165779 - -14?
165790
In base 6, what is 3233 + 5131453?
5135130
In base 7, what is -1264101 + 26441?
-1234330
In base 12, what is -11504916 - -4?
-11504912
In base 8, what is -3 + -1000656435?
-1000656440
In base 8, what is 2232477061 + 1?
2232477062
In base 7, what is 3 - 1000?
-664
In base 8, what is 36021 - -326?
36347
In base 11, what is -a2 - 70373?
-70465
In base 10, what is 6 + 32529443?
32529449
In base 13, what is -2 + 663ac79?
663ac77
In base 9, what is 68822243 + -2?
68822241
In base 8, what is 1704 - 31446?
-27542
In base 9, what is 677144 + 15?
677160
In base 6, what is -35 - -24144402?
24144323
In base 8, what is 365 - -130656?
131243
In base 10, what is 37 - 1283191?
-1283154
In base 10, what is -102091 - 313?
-102404
In base 11, what is 0 + 4859a17?
4859a17
In base 6, what is 2302552 - -15231?
2322223
In base 16, what is 3609 + 30d?
3916
In base 10, what is -691171 - 8?
-691179
In base 9, what is -123 - 283255?
-283378
In base 16, what is -12 - -23548?
23536
In base 13, what is 0 - -16bb376?
16bb376
In base 10, what is -14 + 443294?
443280
In base 15, what is -a5 - 409b7?
-40a6c
In base 6, what is -42133524 + 2?
-42133522
In base 9, what is 23 - -7523250?
7523273
In base 12, what is 76 - 30682?
-30608
In base 7, what is -566600 - 1?
-566601
In base 6, what is -4 + -3153234225?
-3153234233
In base 4, what is 0 + -221320322211?
-221320322211
In base 2, what is 10100110001111111100011 + -101?
10100110001111111011110
In base 10, what is -37152230 + 15?
-37152215
In base 15, what is -c390135 + 4?
-c390131
In base 13, what is 653487 + -119?
65336b
In base 5, what is -1124011121 - 30?
-1124011201
In base 12, what is 23 - -333880?
3338a3
In base 3, what is 101121111222210102 + -2?
101121111222210100
In base 11, what is -20 + 886602?
886592
In base 3, what is -120111021000 + 10001?
-120111010222
In base 2, what is 11010100101100000 + 100000010?
11010101001100010
In base 15, what is c05102e + -1?
c05102d
In base 16,